{"id":35,"date":"2015-10-07T14:43:27","date_gmt":"2015-10-07T14:43:27","guid":{"rendered":"http:\/\/mazur-sky.pl\/a\/?page_id=35"},"modified":"2026-04-05T14:52:58","modified_gmt":"2026-04-05T14:52:58","slug":"uprawnienia","status":"publish","type":"page","link":"https:\/\/mazur-sky.pl\/?page_id=35","title":{"rendered":"O Nas"},"content":{"rendered":"<p style=\"font-weight: 400;\">MAZUR \u2013 SKY to niewielka rodzinna firma istniej\u0105ca na polskim rynku od ponad 10 lat zajmuj\u0105ca si\u0119 wykonywaniem lot\u00f3w balonem na ogrzane powietrze od kwietnia do pa\u017adziernika!!! Nasz\u0105 specjalno\u015bci\u0105 s\u0105 loty zar\u0119czynowe i loty balonem od 2 do 4 os\u00f3b, a loty wykonujemy na Mazurach z okolic Rynu, Mr\u0105gowa, Miko\u0142ajek, Gi\u017cycka i K\u0119trzyna (w zale\u017cno\u015bci od kierunku wiatru w danym dniu). Swoj\u0105 baz\u0119 balonow\u0105 mamy w niewielkiej ale malowniczej wsi Krzy\u017cany na Mazurach, nieopodal Rynu.<\/p>\n<p style=\"font-weight: 400;\">Przedstawiamy link (\u00a0<a href=\"https:\/\/ulc.gov.pl\/_download\/2025\/Wykaz_BOP_2025-11-06.pdf\" data-saferedirecturl=\"https:\/\/www.google.com\/url?q=https:\/\/ulc.gov.pl\/_download\/2025\/Wykaz_BOP_2025-11-06.pdf&amp;source=gmail&amp;ust=1775486964741000&amp;usg=AOvVaw3WSAk6isl2h_vPjwcLd9UK\">https:\/\/ulc.gov.pl\/_download\/2025\/Wykaz_BOP_2025-11-06.pdf<\/a>\u00a0) do strony Urz\u0119du Lotnictwa Cywilnego na kt\u00f3rej znajduje si\u0119 Wykaz podmiot\u00f3w wykonuj\u0105cych przew\u00f3z lotniczy lub \u015bwiadcz\u0105cych us\u0142ugi lotnicze przy wykorzystaniu balon\u00f3w (BOP), nasza firma znajduje si\u0119 na poz.\u00a0nr\u00a0<strong>25<\/strong>. (PL.BOP.036).<\/p>\n<h4 style=\"text-align: justify;\" align=\"justify\">\u00a0<\/h4>\n\n\n<p><\/p>\n","protected":false},"excerpt":{"rendered":"<p>MAZUR \u2013 SKY to niewielka rodzinna firma istniej\u0105ca na polskim rynku od ponad 10 lat zajmuj\u0105ca si\u0119 wykonywaniem lot\u00f3w balonem na ogrzane powietrze od kwietnia do pa\u017adziernika!!! Nasz\u0105 specjalno\u015bci\u0105 s\u0105 loty zar\u0119czynowe i loty balonem od 2 do 4 os\u00f3b, a loty wykonujemy na Mazurach z okolic Rynu, Mr\u0105gowa, Miko\u0142ajek, Gi\u017cycka i K\u0119trzyna (w zale\u017cno\u015bci\u2026 <span class=\"read-more\"><a href=\"https:\/\/mazur-sky.pl\/?page_id=35\">Dowiedz si\u0119 wi\u0119cej &raquo;<\/a><\/span><\/p>\n","protected":false},"author":1,"featured_media":0,"parent":0,"menu_order":0,"comment_status":"closed","ping_status":"closed","template":"","meta":{"footnotes":""},"class_list":["post-35","page","type-page","status-publish","hentry"],"_links":{"self":[{"href":"https:\/\/mazur-sky.pl\/index.php?rest_route=\/wp\/v2\/pages\/35","targetHints":{"allow":["GET"]}}],"collection":[{"href":"https:\/\/mazur-sky.pl\/index.php?rest_route=\/wp\/v2\/pages"}],"about":[{"href":"https:\/\/mazur-sky.pl\/index.php?rest_route=\/wp\/v2\/types\/page"}],"author":[{"embeddable":true,"href":"https:\/\/mazur-sky.pl\/index.php?rest_route=\/wp\/v2\/users\/1"}],"replies":[{"embeddable":true,"href":"https:\/\/mazur-sky.pl\/index.php?rest_route=%2Fwp%2Fv2%2Fcomments&post=35"}],"version-history":[{"count":30,"href":"https:\/\/mazur-sky.pl\/index.php?rest_route=\/wp\/v2\/pages\/35\/revisions"}],"predecessor-version":[{"id":541,"href":"https:\/\/mazur-sky.pl\/index.php?rest_route=\/wp\/v2\/pages\/35\/revisions\/541"}],"wp:attachment":[{"href":"https:\/\/mazur-sky.pl\/index.php?rest_route=%2Fwp%2Fv2%2Fmedia&parent=35"}],"curies":[{"name":"wp","href":"https:\/\/api.w.org\/{rel}","templated":true}]}}